{"id":162,"date":"2019-12-25T18:24:07","date_gmt":"2019-12-25T17:24:07","guid":{"rendered":"https:\/\/holzkunst-mit-funktion.de\/?page_id=162"},"modified":"2020-12-14T16:37:35","modified_gmt":"2020-12-14T15:37:35","slug":"blog","status":"publish","type":"page","link":"https:\/\/holzkunst-mit-funktion.de\/index.php\/blog\/","title":{"rendered":"Blog"},"content":{"rendered":"\t\t<div data-elementor-type=\"wp-page\" data-elementor-id=\"162\" class=\"elementor elementor-162\">\n\t\t\t\t\t\t<section class=\"elementor-section elementor-top-section elementor-element elementor-element-e578b40 elementor-section-boxed elementor-section-height-default elementor-section-height-default\" data-id=\"e578b40\" data-element_type=\"section\" data-e-type=\"section\">\n\t\t\t\t\t\t<div class=\"elementor-container elementor-column-gap-default\">\n\t\t\t\t\t<div class=\"elementor-column elementor-col-100 elementor-top-column elementor-element elementor-element-bc10ec3\" data-id=\"bc10ec3\" data-element_type=\"column\" data-e-type=\"column\">\n\t\t\t<div class=\"elementor-widget-wrap elementor-element-populated\">\n\t\t\t\t\t\t<div class=\"elementor-element elementor-element-d372591 elementor-widget elementor-widget-wp-widget-recent-posts\" data-id=\"d372591\" data-element_type=\"widget\" data-e-type=\"widget\" data-widget_type=\"wp-widget-recent-posts.default\">\n\t\t\t\t<div class=\"elementor-widget-container\">\n\t\t\t\t\t\n\t\t\n\t\t<h5>Neueste Beitr\u00e4ge<\/h5>\n\t\t<ul>\n\t\t\t\t\t\t\t\t\t\t\t<li>\n\t\t\t\t\t<a href=\"https:\/\/holzkunst-mit-funktion.de\/index.php\/2022\/01\/14\/jahresrueckblick-2020\/\">Jahresr\u00fcckblick 2021<\/a>\n\t\t\t\t\t\t\t\t\t<\/li>\n\t\t\t\t\t\t\t\t\t\t\t<li>\n\t\t\t\t\t<a href=\"https:\/\/holzkunst-mit-funktion.de\/index.php\/2020\/12\/14\/herbstexkursion-bodensee-2\/\">Jahresr\u00fcckblick 2020<\/a>\n\t\t\t\t\t\t\t\t\t<\/li>\n\t\t\t\t\t\t\t\t\t\t\t<li>\n\t\t\t\t\t<a href=\"https:\/\/holzkunst-mit-funktion.de\/index.php\/2020\/10\/23\/herbstexkursion-bodensee\/\">Herbstexkursion Bodensee<\/a>\n\t\t\t\t\t\t\t\t\t<\/li>\n\t\t\t\t\t\t\t\t\t\t\t<li>\n\t\t\t\t\t<a href=\"https:\/\/holzkunst-mit-funktion.de\/index.php\/2020\/09\/30\/showroom-eingerichtet\/\">Showroom eingerichtet!<\/a>\n\t\t\t\t\t\t\t\t\t<\/li>\n\t\t\t\t\t\t\t\t\t\t\t<li>\n\t\t\t\t\t<a href=\"https:\/\/holzkunst-mit-funktion.de\/index.php\/2020\/07\/22\/neue-produkte\/\">Neue Produkte<\/a>\n\t\t\t\t\t\t\t\t\t<\/li>\n\t\t\t\t\t\t\t\t\t\t\t<li>\n\t\t\t\t\t<a href=\"https:\/\/holzkunst-mit-funktion.de\/index.php\/2020\/03\/28\/exkursion-linder\/\">Exkursion Linder<\/a>\n\t\t\t\t\t\t\t\t\t<\/li>\n\t\t\t\t\t\t\t\t\t\t\t<li>\n\t\t\t\t\t<a href=\"https:\/\/holzkunst-mit-funktion.de\/index.php\/2020\/02\/07\/hurra\/\">Hurra<\/a>\n\t\t\t\t\t\t\t\t\t<\/li>\n\t\t\t\t\t\t\t\t\t\t\t<li>\n\t\t\t\t\t<a href=\"https:\/\/holzkunst-mit-funktion.de\/index.php\/2019\/11\/19\/hallo-welt\/\">MJ Design sagt Servus.<\/a>\n\t\t\t\t\t\t\t\t\t<\/li>\n\t\t\t\t\t<\/ul>\n\n\t\t\t\t\t\t<\/div>\n\t\t\t\t<\/div>\n\t\t\t\t\t<\/div>\n\t\t<\/div>\n\t\t\t\t\t<\/div>\n\t\t<\/section>\n\t\t\t\t<section class=\"elementor-section elementor-top-section elementor-element elementor-element-2e7c9dc elementor-section-boxed elementor-section-height-default elementor-section-height-default\" data-id=\"2e7c9dc\" data-element_type=\"section\" data-e-type=\"section\">\n\t\t\t\t\t\t<div class=\"elementor-container elementor-column-gap-default\">\n\t\t\t\t\t<div class=\"elementor-column elementor-col-100 elementor-top-column elementor-element elementor-element-6d0cf468\" data-id=\"6d0cf468\" data-element_type=\"column\" data-e-type=\"column\">\n\t\t\t<div class=\"elementor-widget-wrap elementor-element-populated\">\n\t\t\t\t\t\t<div class=\"elementor-element elementor-element-1280bc86 elementor-widget elementor-widget-text-editor\" data-id=\"1280bc86\" data-element_type=\"widget\" data-e-type=\"widget\" data-widget_type=\"text-editor.default\">\n\t\t\t\t<div class=\"elementor-widget-container\">\n\t\t\t\t\t\t\t\t\t<ul class=\"wp-block-latest-posts__list has-dates wp-block-latest-posts\"><li><a class=\"wp-block-latest-posts__post-title\" href=\"https:\/\/holzkunst-mit-funktion.de\/index.php\/2022\/01\/14\/jahresrueckblick-2020\/\">Jahresr\u00fcckblick 2021<\/a><time datetime=\"2022-01-14T19:49:29+01:00\" class=\"wp-block-latest-posts__post-date\">14. Januar 2022<\/time><div class=\"wp-block-latest-posts__post-full-content\">Auch das Jahr 2021 war gepr\u00e4gt von der Corona Pandemie und deren Auswirkungen auf jeden Einzelnen und das \u00f6ffentliche Leben. Auch mich und die M\u00f6glichkeit meine Arbeiten auszustellen hat diese\nSituation sehr eingeschr\u00e4nkt. Immerhin konnte ich eine tolle Auftragsarbeit planen, organisieren, erarbeiten und schlie\u00dflich erfolgreich fertigstellen. Bei dieser Gr\u00f6\u00dfe nahm tats\u00e4chlich auch jeder Schritt eine Menge Zeit ein. Nun, nach Montage an ihrem Bestimmungsort wirkt die Installation dann zugleich imposanter - aber auch trotz ihrer Gr\u00f6\u00dfe filigran.\n\nKurz darauf gab es dann noch ein sehr wichtige Ver\u00e4nderung in meinem Leben. Wir zogen um. Fort aus der gro\u00dfen Metropole M\u00fcnchen in das kleine beschauliche und liebenswerte Burgau im schw\u00e4bischen Barockwinkel zwischen Augsburg und Ulm. Mit mehr Platz f\u00fcr alle - nicht zuletzt auch f\u00fcr meine Werkstatt. Hier gab und gibt es nat\u00fcrlich jede Menge zu werkeln und zu bauen. So entstehen schon neue Ideen f\u00fcr eher k\u00fcnstlerische Projekte im und am Haus aber auch f\u00fcr mein Portfolio der Holzkunst-mit-Funktion.\n\nIch und\u00a0 wohl die gesamte Menschheit hoffen auf ein Ende der Pandemie und ein neues Normal im Alltag. Wenn dann die Kultur und Kunst wieder aufbl\u00fcht, freue ich mich meine Werke wieder \u00f6ffentlich zeigen zu k\u00f6nnen.\n\n<img fetchpriority=\"high\" decoding=\"async\" src=\"https:\/\/holzkunst-mit-funktion.de\/wp-content\/uploads\/2022\/01\/IMG-20210914-WA0013-1.jpg\" alt=\"\" width=\"481\" height=\"985\" \/><\/div><\/li>\n<li><a class=\"wp-block-latest-posts__post-title\" href=\"https:\/\/holzkunst-mit-funktion.de\/index.php\/2020\/12\/14\/herbstexkursion-bodensee-2\/\">Jahresr\u00fcckblick 2020<\/a><time datetime=\"2020-12-14T16:56:39+01:00\" class=\"wp-block-latest-posts__post-date\">14. Dezember 2020<\/time><div class=\"wp-block-latest-posts__post-full-content\"><p>Das Jahr neigt sich zu Ende. Leider verlief es doch sehr anders als ich mir das vorgestellt hatte. Der Corona Virus hat alles ver\u00e4ndert. Es gab keine M\u00f6glichkeit auf M\u00e4rkten auszustellen und auch der station\u00e4re Handel war lange Zeit keine Alternative zur Ausstellung meiner Arbeiten. Und ein Ende ist in der aktuellen Situation mit wieder versch\u00e4rften Ma\u00dfnahmen nicht abzusehen.<\/p><p>Dennoch ging es mit meiner Holzkunst voran. Mein Portfolio ist um einige weitere Objekte gewachsen. Insbesondere im Bereich Lampen sind sch\u00f6ne Produkte nun verf\u00fcgbar.<\/p><p>Richtig toll ist auch, dass ich neben meiner Ausstellung in der <a href=\"http:\/\/www.destile-ffb.de\">Destille<\/a> \/ <a href=\"http:\/\/www.maennerkontor.shop\">M\u00e4nnerkontor<\/a> in F\u00fcrstenfeldbruck nun auch in Pasing einige Arbeiten ausstellen kann. <a href=\"http:\/\/www.herrfliege.de\">Herr Fliege<\/a> in der Planegger Stra\u00dfe bietet tolle Eigenkreationen zu Herren-Fliegen, Hosentr\u00e4gern und Armb\u00e4ndern an. Trotzdem bleibt noch etwas Platz in ihrem Gesch\u00e4ft, den die beiden Gesch\u00e4ftsf\u00fchrer lokalen K\u00fcnstler als Ausstellungs- und Verkaufsfl\u00e4che anbieten. Herzlichen Dank daf\u00fcr!<\/p><p>So hoffe ich auf das kommende Jahr und w\u00fcrde mich sehr freuen, wenn das eine oder andere St\u00fcck aus meiner Kollektion ein neues Zuhause findet und dort bewundert wird.<\/p><p>Also, bleibt dabei und bleibt gesund bis zum Restart 2021!<\/p>\t\t\n\t\t\t\t\t\t\t\t\t\t<img loading=\"lazy\" decoding=\"async\" width=\"2560\" height=\"2560\" src=\"https:\/\/holzkunst-mit-funktion.de\/wp-content\/uploads\/2020\/12\/20201214_171012-scaled.jpg\" alt=\"\" loading=\"lazy\" \/><\/div><\/li>\n<li><a class=\"wp-block-latest-posts__post-title\" href=\"https:\/\/holzkunst-mit-funktion.de\/index.php\/2020\/10\/23\/herbstexkursion-bodensee\/\">Herbstexkursion Bodensee<\/a><time datetime=\"2020-10-23T09:57:07+02:00\" class=\"wp-block-latest-posts__post-date\">23. Oktober 2020<\/time><div class=\"wp-block-latest-posts__post-full-content\"><p>An einem tollen goldenen Oktobertag konnte ich nochmal eine etwas gr\u00f6\u00dfere Exkursion zum Holzsammeln unternehmen. Am Bodensee, immer eine Reise wert, habe ich meine Spezialpl\u00e4tze aufgesucht. Es war eine tolle, sehr friedliche Stimmung, die ich sehr genossen habe. Aufgrund der vielen Unwetter haben sich ganze Berge von Treibholz aufget\u00fcrmt. Ich hab nat\u00fcrlich nur die sch\u00f6nsten und interessantesten St\u00fccke gesammelt. Aber auch da ist einiges zusammen gekommen. Jetzt muss ds zum Trocknen vorbereitet werden und lagern. Wenn Ihr was entdeckt, dann sagt Bescheid und es wird reserviert.<\/p>\t\t\n\t\t\t\t\t\t\t\t\t\t<img loading=\"lazy\" decoding=\"async\" width=\"2268\" height=\"2268\" src=\"https:\/\/holzkunst-mit-funktion.de\/wp-content\/uploads\/2020\/10\/20201021_124653.jpg\" alt=\"\" loading=\"lazy\" \/>\t\t\t\t\t\t\t\t\t\t\t\n\t\t\t\t\t\t\t\t\t\t<img loading=\"lazy\" decoding=\"async\" width=\"2229\" height=\"2229\" src=\"https:\/\/holzkunst-mit-funktion.de\/wp-content\/uploads\/2020\/10\/20201023_100703.jpg\" alt=\"\" loading=\"lazy\" \/>\t\t\t\t\t\t\t\t\t\t\t\n\t\t\t\t\t\t\t\t\t\t<img loading=\"lazy\" decoding=\"async\" width=\"2268\" height=\"2268\" src=\"https:\/\/holzkunst-mit-funktion.de\/wp-content\/uploads\/2020\/10\/20201023_100610.jpg\" alt=\"\" loading=\"lazy\" \/>\t\t\t\t\t\t\t\t\t\t\t\n\t\t\t\t\t\t\t\t\t\t<img loading=\"lazy\" decoding=\"async\" width=\"2560\" height=\"2560\" src=\"https:\/\/holzkunst-mit-funktion.de\/wp-content\/uploads\/2020\/10\/20201021_181303-scaled.jpg\" alt=\"\" loading=\"lazy\" \/><\/div><\/li>\n<li><a class=\"wp-block-latest-posts__post-title\" href=\"https:\/\/holzkunst-mit-funktion.de\/index.php\/2020\/09\/30\/showroom-eingerichtet\/\">Showroom eingerichtet!<\/a><time datetime=\"2020-09-30T15:30:34+02:00\" class=\"wp-block-latest-posts__post-date\">30. September 2020<\/time><div class=\"wp-block-latest-posts__post-full-content\"><p><!-- wp:paragraph --><\/p>\n<p>Nachdem jetzt einiges neues entstanden ist, wollte ich meine Arbeiten im heimischen Umfeld besser pr\u00e4sentieren und auch f\u00fcr mich als Inspiration sichtbar machen. Die notwendigen Umbauarbeiten haben doch etwas gedauert, aber nun kann ich in einem gro\u00dfen Regal viele Kunstst\u00fccke ausstellen. Da die Marktsituation immer noch bescheiden ist, k\u00f6nnt Ihr auch gerne vorbeikommen und es live sehen und anfassen.<\/p>\n<p><!-- \/wp:paragraph --><\/p>\t\t\n\t\t\t\t\t\t\t\t\t\t<img loading=\"lazy\" decoding=\"async\" width=\"1408\" height=\"1134\" src=\"https:\/\/holzkunst-mit-funktion.de\/wp-content\/uploads\/2020\/09\/showroom2.jpg\" alt=\"\" loading=\"lazy\" \/>\t\t\t\t\t\t\t\t\t\t\t\n\t\t\t\t\t\t\t\t\t\t<img loading=\"lazy\" decoding=\"async\" width=\"1600\" height=\"1339\" src=\"https:\/\/holzkunst-mit-funktion.de\/wp-content\/uploads\/2020\/09\/showroom1.jpg\" alt=\"\" loading=\"lazy\" \/><\/div><\/li>\n<li><a class=\"wp-block-latest-posts__post-title\" href=\"https:\/\/holzkunst-mit-funktion.de\/index.php\/2020\/07\/22\/neue-produkte\/\">Neue Produkte<\/a><time datetime=\"2020-07-22T14:16:53+02:00\" class=\"wp-block-latest-posts__post-date\">22. Juli 2020<\/time><div class=\"wp-block-latest-posts__post-full-content\"><p><\/p>\n\n<!-- wp:paragraph -->\n<\/p>\n<p>Neue Treibh\u00f6lzer, neue Ideen, neuer Elan. Endlich gibt es wieder Neues auf meiner Seite zu entdecken. Der Corona Shut-down hat leider auch meine Arbeit betroffen. Jetzt geht es aber wieder los...und es kommt bald noch mehr. Im Bereich Accessoires gibt es ab sofort auch etwas zu sehen.\u00a0 Der Bilderrahmen ist nun neuer Sortimentbestandteil und ich glaube, da werden noch ein paar folgen. \ud83d\ude42<br \/>Viel Spass beim st\u00f6bern!<\/p>\n<p>\n<!-- \/wp:paragraph -->\n\n<p><\/p>\n<p>\t\t\t\t\t\t\t\t\t\t<img decoding=\"async\" src=\"https:\/\/holzkunst-mit-funktion.de\/wp-content\/uploads\/2020\/07\/BR01-1-860x484.jpg\" alt=\"\" width=\"780\" height=\"439\"><\/p><\/div><\/li>\n<\/ul>\t\t\t\t\t\t\t\t<\/div>\n\t\t\t\t<\/div>\n\t\t\t\t\t<\/div>\n\t\t<\/div>\n\t\t\t\t\t<\/div>\n\t\t<\/section>\n\t\t\t\t<\/div>\n\t\t","protected":false},"excerpt":{"rendered":"","protected":false},"author":1,"featured_media":0,"parent":0,"menu_order":0,"comment_status":"closed","ping_status":"closed","template":"","meta":{"footnotes":""},"class_list":["post-162","page","type-page","status-publish","hentry"],"_links":{"self":[{"href":"https:\/\/holzkunst-mit-funktion.de\/index.php\/wp-json\/wp\/v2\/pages\/162","targetHints":{"allow":["GET"]}}],"collection":[{"href":"https:\/\/holzkunst-mit-funktion.de\/index.php\/wp-json\/wp\/v2\/pages"}],"about":[{"href":"https:\/\/holzkunst-mit-funktion.de\/index.php\/wp-json\/wp\/v2\/types\/page"}],"author":[{"embeddable":true,"href":"https:\/\/holzkunst-mit-funktion.de\/index.php\/wp-json\/wp\/v2\/users\/1"}],"replies":[{"embeddable":true,"href":"https:\/\/holzkunst-mit-funktion.de\/index.php\/wp-json\/wp\/v2\/comments?post=162"}],"version-history":[{"count":14,"href":"https:\/\/holzkunst-mit-funktion.de\/index.php\/wp-json\/wp\/v2\/pages\/162\/revisions"}],"predecessor-version":[{"id":888,"href":"https:\/\/holzkunst-mit-funktion.de\/index.php\/wp-json\/wp\/v2\/pages\/162\/revisions\/888"}],"wp:attachment":[{"href":"https:\/\/holzkunst-mit-funktion.de\/index.php\/wp-json\/wp\/v2\/media?parent=162"}],"curies":[{"name":"wp","href":"https:\/\/api.w.org\/{rel}","templated":true}]}}